{"id":23,"date":"2015-03-09T19:40:26","date_gmt":"2015-03-09T19:40:26","guid":{"rendered":"http:\/\/oekobyg.dk\/?page_id=23"},"modified":"2022-03-13T12:45:43","modified_gmt":"2022-03-13T12:45:43","slug":"cob-byggeri","status":"publish","type":"page","link":"https:\/\/oekobyg.dk\/?page_id=23","title":{"rendered":"Cob-byggeri"},"content":{"rendered":"<p>Cob er en blanding af grus, ler og halm.<\/p>\n<p>Cob er en oldgammel byggemetode som gennem tiderne har v\u00e6ret kaldt forskellige andre navne alt efte<img loading=\"lazy\" decoding=\"async\" data-attachment-id=\"160\" data-permalink=\"https:\/\/oekobyg.dk\/?attachment_id=160\" data-orig-file=\"https:\/\/oekobyg.dk\/wp-content\/uploads\/2015\/03\/Cob-dans.jpg\" data-orig-size=\"960,1280\" data-comments-opened=\"0\" data-image-meta=\"{&quot;aperture&quot;:&quot;2.8&quot;,&quot;credit&quot;:&quot;&quot;,&quot;camera&quot;:&quot;Canon PowerShot A10&quot;,&quot;caption&quot;:&quot;&quot;,&quot;created_timestamp&quot;:&quot;1120306346&quot;,&quot;copyright&quot;:&quot;&quot;,&quot;focal_length&quot;:&quot;5.40625&quot;,&quot;iso&quot;:&quot;0&quot;,&quot;shutter_speed&quot;:&quot;0.0025&quot;,&quot;title&quot;:&quot;&quot;,&quot;orientation&quot;:&quot;1&quot;}\" data-image-title=\"Cob-dans\" data-image-description=\"\" data-image-caption=\"\" data-medium-file=\"https:\/\/oekobyg.dk\/wp-content\/uploads\/2015\/03\/Cob-dans-225x300.jpg\" data-large-file=\"https:\/\/oekobyg.dk\/wp-content\/uploads\/2015\/03\/Cob-dans-768x1024.jpg\" class=\" size-medium wp-image-160 alignright\" src=\"http:\/\/oekobyg.dk\/wp-content\/uploads\/2015\/03\/Cob-dans-225x300.jpg\" alt=\"Cob-dans\" width=\"225\" height=\"300\" srcset=\"https:\/\/oekobyg.dk\/wp-content\/uploads\/2015\/03\/Cob-dans-225x300.jpg 225w, https:\/\/oekobyg.dk\/wp-content\/uploads\/2015\/03\/Cob-dans-768x1024.jpg 768w, https:\/\/oekobyg.dk\/wp-content\/uploads\/2015\/03\/Cob-dans.jpg 960w\" sizes=\"auto, (max-width: 225px) 100vw, 225px\" \/>r i hvilke kulturer det indgik. Her i Danmark hed det bl.a. Wellerw\u00e4nde. Materialet indg\u00e5r stadig i gamle bindingsv\u00e6rkshuse, hvor tavlerne er bygget op omkring fletv\u00e6rk. Man ser det bare ikke fordi facaden er kalket eller malet. Der findes stadig nogle f\u00e5 huse med tykke b\u00e6rende cob-v\u00e6gge i Danmark.<\/p>\n<p>F\u00e6lles for samtlige af disse huse er at de er bygget af lokale materialer gravet op p\u00e5 stedet eller lige i n\u00e6rheden. Alene udgravningen til fundament har givet v\u00e6rdifulde byggematerialer.<\/p>\n<p>Mange vil nok sp\u00f8rge om cob-huse h\u00f8rer hjemme i vores moderne samfund. Men hvorfor egentlig ikke? Selvf\u00f8lgelig er der nogle barrierer og fordomme vi m\u00e5 have brudt ned. Og s\u00e5 kan man ikke k\u00f8be cob i byggemarkedet. Omvendt kan man sp\u00f8rge hvorfor vi skulle bygge huse i cob? Nu har vi jo f\u00e5et sat byggeriet p\u00e5 skinner og markedet udbyder i overflod af industrifremstillede byggematerialer.<\/p>\n<p>Her f\u00f8lger nogle for os relevante svar p\u00e5 ovenst\u00e5ende sp\u00f8rgsm\u00e5l:<br \/>\n<a href=\"http:\/\/oekobyg.dk\/wp-content\/uploads\/2016\/02\/Br\u00f8dformning.jpg\" rel=\"attachment wp-att-364\"><img loading=\"lazy\" decoding=\"async\" data-attachment-id=\"364\" data-permalink=\"https:\/\/oekobyg.dk\/?attachment_id=364\" data-orig-file=\"https:\/\/oekobyg.dk\/wp-content\/uploads\/2016\/02\/Br\u00f8dformning.jpg\" data-orig-size=\"960,1280\" data-comments-opened=\"0\" data-image-meta=\"{&quot;aperture&quot;:&quot;2.8&quot;,&quot;credit&quot;:&quot;&quot;,&quot;camera&quot;:&quot;Canon PowerShot A10&quot;,&quot;caption&quot;:&quot;&quot;,&quot;created_timestamp&quot;:&quot;1120306325&quot;,&quot;copyright&quot;:&quot;&quot;,&quot;focal_length&quot;:&quot;5.40625&quot;,&quot;iso&quot;:&quot;0&quot;,&quot;shutter_speed&quot;:&quot;0.0025&quot;,&quot;title&quot;:&quot;&quot;,&quot;orientation&quot;:&quot;1&quot;}\" data-image-title=\"Br\u00f8dformning\" data-image-description=\"\" data-image-caption=\"\" data-medium-file=\"https:\/\/oekobyg.dk\/wp-content\/uploads\/2016\/02\/Br\u00f8dformning-225x300.jpg\" data-large-file=\"https:\/\/oekobyg.dk\/wp-content\/uploads\/2016\/02\/Br\u00f8dformning-768x1024.jpg\" class=\"alignleft size-medium wp-image-364\" src=\"http:\/\/oekobyg.dk\/wp-content\/uploads\/2016\/02\/Br\u00f8dformning-225x300.jpg\" alt=\"Br\u00f8dformning\" width=\"225\" height=\"300\" srcset=\"https:\/\/oekobyg.dk\/wp-content\/uploads\/2016\/02\/Br\u00f8dformning-225x300.jpg 225w, https:\/\/oekobyg.dk\/wp-content\/uploads\/2016\/02\/Br\u00f8dformning-768x1024.jpg 768w, https:\/\/oekobyg.dk\/wp-content\/uploads\/2016\/02\/Br\u00f8dformning.jpg 960w\" sizes=\"auto, (max-width: 225px) 100vw, 225px\" \/><\/a># Cob kan fremstilles af lokale ressourcer uden brug af fossile br\u00e6ndsler.<\/p>\n<p># En cob-v\u00e6g \u00e5nder fint.<\/p>\n<p># Tykke cob-v\u00e6gge giver godt stabilt indeklima.<\/p>\n<p># Cob kan modelleres, d.v.s. vi har fuld formfrihed, hvilket giver utallige oplagte muligheder, f.eks. at indbygge hylder, skabe, b\u00e6nke, trapper m.m.<\/p>\n<p># Der skabes ingen affald ved cob-byggeri, tv\u00e6rtimod kan man i en cob-v\u00e6g begrave en del murbrokker eller lignende.<\/p>\n<p># Cob-huse er hyggelige.<\/p>\n<h1><b>Hvordan vil det overhovedet v\u00e6re muligt at f\u00e5 sig et cob-hus?<a href=\"http:\/\/oekobyg.dk\/wp-content\/uploads\/2016\/02\/cobv\u00e6g-opbygning.jpg\" rel=\"attachment wp-att-365\"><img loading=\"lazy\" decoding=\"async\" data-attachment-id=\"365\" data-permalink=\"https:\/\/oekobyg.dk\/?attachment_id=365\" data-orig-file=\"https:\/\/oekobyg.dk\/wp-content\/uploads\/2016\/02\/cobv\u00e6g-opbygning.jpg\" data-orig-size=\"960,1280\" data-comments-opened=\"0\" data-image-meta=\"{&quot;aperture&quot;:&quot;2.8&quot;,&quot;credit&quot;:&quot;&quot;,&quot;camera&quot;:&quot;Canon PowerShot A10&quot;,&quot;caption&quot;:&quot;&quot;,&quot;created_timestamp&quot;:&quot;1121192276&quot;,&quot;copyright&quot;:&quot;&quot;,&quot;focal_length&quot;:&quot;5.40625&quot;,&quot;iso&quot;:&quot;0&quot;,&quot;shutter_speed&quot;:&quot;0.016666666666667&quot;,&quot;title&quot;:&quot;&quot;,&quot;orientation&quot;:&quot;1&quot;}\" data-image-title=\"cobv\u00e6g opbygning\" data-image-description=\"\" data-image-caption=\"\" data-medium-file=\"https:\/\/oekobyg.dk\/wp-content\/uploads\/2016\/02\/cobv\u00e6g-opbygning-225x300.jpg\" data-large-file=\"https:\/\/oekobyg.dk\/wp-content\/uploads\/2016\/02\/cobv\u00e6g-opbygning-768x1024.jpg\" class=\"size-medium wp-image-365 alignright\" src=\"http:\/\/oekobyg.dk\/wp-content\/uploads\/2016\/02\/cobv\u00e6g-opbygning-225x300.jpg\" alt=\"cobv\u00e6g opbygning\" width=\"225\" height=\"300\" srcset=\"https:\/\/oekobyg.dk\/wp-content\/uploads\/2016\/02\/cobv\u00e6g-opbygning-225x300.jpg 225w, https:\/\/oekobyg.dk\/wp-content\/uploads\/2016\/02\/cobv\u00e6g-opbygning-768x1024.jpg 768w, https:\/\/oekobyg.dk\/wp-content\/uploads\/2016\/02\/cobv\u00e6g-opbygning.jpg 960w\" sizes=\"auto, (max-width: 225px) 100vw, 225px\" \/><\/a><br \/>\n<\/b><\/h1>\n<p>Hvis du \u00f8nsker at f\u00e5 professionelle til at lave alt arbejdet, vil det komme til at koste lige s\u00e5 meget som andre kvalitetshuse, m\u00e5ske oven i k\u00f8bet endnu mere.<\/p>\n<p>Hvad kunne s\u00e5 alligevel g\u00f8re det attraktivt?<\/p>\n<p>Her mener vi det er n\u00f8dvendigt at fremh\u00e6ve flg. punkter:<\/p>\n<p>\u00a4 Byg ikke st\u00f8rre end det er n\u00f8dvendigt.<\/p>\n<p>\u00a4 Du kan bygge i moduler og starte med det allervigtigste den f\u00f8rste s\u00e6son f.eks. k\u00f8kken, bad, toilet og sovepladser.<\/p>\n<p>\u00a4 Rundede v\u00e6gge virker mere rummelige og behagelige at opholde sig indenfor. Derfor kan du bygge mindre og stadig have en rar f\u00f8lelse inden i dit hus.<\/p>\n<p>\u00a4 Analyser dit\/jeres behov og adf\u00e6rd indend\u00f8rs inden du designer huset.<\/p>\n<p>\u00a4 Cob er meget velegnet til selv- eller medbyg.<\/p>\n<div>\n<h1 style=\"text-align: left;\" align=\"right\"><b>H<\/b><b>er er nogle vigtige praktiske anvisninger til cob-huse:<\/b><\/h1>\n<p style=\"text-align: left;\" align=\"right\">\n<\/div>\n<p>&#8211; Det er vigtigt med en h\u00f8j sokkel og stort tagudh\u00e6ng.<\/p>\n<p>&#8211; En yderv\u00e6g i cob b\u00f8r isoleres udvendig f.eks. med halmballer.<\/p>\n<p>&#8211; Man kan pudse facaden med almindelig kalkm\u00f8rtel.<\/p>\n<p>&#8211; Det er vigtigt at arbejde i t\u00f8rvejr, s\u00e5 det er det allerbedste at starte med at bygge taget p\u00e5 stolper sat p\u00e5 et punkfundament eller p\u00e5 det f\u00e6rdige fundament.<\/p>\n<p>&#8211; En cob-v\u00e6g kan godt v\u00e6re b\u00e6rende, men det vil nok kr\u00e6ve en indsats at f\u00e5 en tilladelse.<\/p>\n<p>&#8211; Man kan bygge dele af yderv\u00e6ggen, f.eks. mod nord, i halmballer eller ubr\u00e6ndte lersten, som isoleres med halmballer.<\/p>\n<p><a href=\"http:\/\/oekobyg.dk\/wp-content\/uploads\/2015\/03\/IMG00340.jpg\"><img loading=\"lazy\" decoding=\"async\" data-attachment-id=\"162\" data-permalink=\"https:\/\/oekobyg.dk\/?attachment_id=162\" data-orig-file=\"https:\/\/oekobyg.dk\/wp-content\/uploads\/2015\/03\/IMG00340.jpg\" data-orig-size=\"960,1280\" data-comments-opened=\"0\" data-image-meta=\"{&quot;aperture&quot;:&quot;2.8&quot;,&quot;credit&quot;:&quot;&quot;,&quot;camera&quot;:&quot;Canon PowerShot A10&quot;,&quot;caption&quot;:&quot;&quot;,&quot;created_timestamp&quot;:&quot;1121432162&quot;,&quot;copyright&quot;:&quot;&quot;,&quot;focal_length&quot;:&quot;5.40625&quot;,&quot;iso&quot;:&quot;0&quot;,&quot;shutter_speed&quot;:&quot;0.016666666666667&quot;,&quot;title&quot;:&quot;&quot;,&quot;orientation&quot;:&quot;1&quot;}\" data-image-title=\"IMG00340\" data-image-description=\"\" data-image-caption=\"\" data-medium-file=\"https:\/\/oekobyg.dk\/wp-content\/uploads\/2015\/03\/IMG00340-225x300.jpg\" data-large-file=\"https:\/\/oekobyg.dk\/wp-content\/uploads\/2015\/03\/IMG00340-768x1024.jpg\" class=\"alignleft size-medium wp-image-162\" src=\"http:\/\/oekobyg.dk\/wp-content\/uploads\/2015\/03\/IMG00340-225x300.jpg\" alt=\"IMG00340\" width=\"225\" height=\"300\" srcset=\"https:\/\/oekobyg.dk\/wp-content\/uploads\/2015\/03\/IMG00340-225x300.jpg 225w, https:\/\/oekobyg.dk\/wp-content\/uploads\/2015\/03\/IMG00340-768x1024.jpg 768w, https:\/\/oekobyg.dk\/wp-content\/uploads\/2015\/03\/IMG00340.jpg 960w\" sizes=\"auto, (max-width: 225px) 100vw, 225px\" \/><\/a>At bygge et cob-hus kan v\u00e6re et projekt hvor man samler familie og venner. B\u00f8rn og \u00e6ldre mennesker kan godt v\u00e6re med.<\/p>\n<p>Griber du tingene fornuftigt an kan du m\u00e5ske st\u00e5 med et dejligt hus og kun en lille g\u00e6ld.<\/p>\n<p>Hvis du nu er blevet interesseret i flere oplysninger vedr\u00f8rende lerjordsbyggeri, kan vi anbefale at l\u00e6se bogen: &#8220;Lerjord som byggemateriale&#8221; udgivet af Boligministeriet, Bygge- og Boligstyrelsen&nbsp;eller &#8220;The Cobbers companion, How to build your own EARTHERN HOME&#8221; af Michael Smith. eller &#8220;The Hand-Sculpted House&#8221; af Ianto Evans, Michael G.Smith and Linda Smiley. De 2 engelske b\u00f8ger kan rekvireres hos: Fornyet Energi, \u00d8brovej 9, 4295 Stenlille.<\/p>\n<p>&nbsp;<\/p>\n","protected":false},"excerpt":{"rendered":"<p>Cob er en blanding af grus, ler og halm. Cob er en oldgammel byggemetode som gennem tiderne har v\u00e6ret kaldt forskellige andre navne alt efter i hvilke kulturer det indgik. Her i Danmark hed det bl.a. Wellerw\u00e4nde. Materialet indg\u00e5r stadig i gamle bindingsv\u00e6rkshuse, hvor tavlerne er bygget op omkring fletv\u00e6rk. Man ser det bare ikke [&hellip;]<\/p>\n","protected":false},"author":2,"featured_media":0,"parent":0,"menu_order":15,"comment_status":"closed","ping_status":"closed","template":"","meta":{"_mi_skip_tracking":false,"jetpack_post_was_ever_published":false,"footnotes":""},"class_list":["post-23","page","type-page","status-publish","hentry"],"jetpack_sharing_enabled":true,"jetpack_shortlink":"https:\/\/wp.me\/P5TXPS-n","_links":{"self":[{"href":"https:\/\/oekobyg.dk\/index.php?rest_route=\/wp\/v2\/pages\/23","targetHints":{"allow":["GET"]}}],"collection":[{"href":"https:\/\/oekobyg.dk\/index.php?rest_route=\/wp\/v2\/pages"}],"about":[{"href":"https:\/\/oekobyg.dk\/index.php?rest_route=\/wp\/v2\/types\/page"}],"author":[{"embeddable":true,"href":"https:\/\/oekobyg.dk\/index.php?rest_route=\/wp\/v2\/users\/2"}],"replies":[{"embeddable":true,"href":"https:\/\/oekobyg.dk\/index.php?rest_route=%2Fwp%2Fv2%2Fcomments&post=23"}],"version-history":[{"count":10,"href":"https:\/\/oekobyg.dk\/index.php?rest_route=\/wp\/v2\/pages\/23\/revisions"}],"predecessor-version":[{"id":15191,"href":"https:\/\/oekobyg.dk\/index.php?rest_route=\/wp\/v2\/pages\/23\/revisions\/15191"}],"wp:attachment":[{"href":"https:\/\/oekobyg.dk\/index.php?rest_route=%2Fwp%2Fv2%2Fmedia&parent=23"}],"curies":[{"name":"wp","href":"https:\/\/api.w.org\/{rel}","templated":true}]}}